327aa
-36564403 (base 7) to base 4
-30133323313
-1839409 (base 11) to base 12
-1063550
13120110 (base 4) to base 12
155b0
What is 130444023 (base 5) in base 4?
2130120001
Convert -110323 (base 10) to base 7.
-636433
What is -a6584 (base 14) in base 12?
-174588
Convert 61dc (base 14) to base 16.
41d6
-79180 (base 11) to base 5
-12132200
What is -25379 (base 10) in base 9?
-37728
What is -254107 (base 10) in base 12?
-103077
-182711 (base 11) to base 6
-10012100
Convert -148388 (base 10) to base 4.
-210032210
8115b (base 15) to base 10
408686
What is 101112020202 (base 3) in base 12?
9bb02
What is 2113321130 (base 4) in base 7?
5200625
Convert 223233233 (base 4) to base 10.
179183
What is -359967 (base 12) in base 3?
-1122001102221
Convert -204403035 (base 6) to base 15.
-4aa08b
-1202222000 (base 3) to base 15
-a560
Convert -21342250 (base 7) to base 9.
-3382201
What is 123011121 (base 4) in base 9?
178153
Convert -313112 (base 7) to base 8.
-151225
Convert 2453250 (base 6) to base 8.
401076
Convert 335410 (base 12) to base 9.
1475883
2457233 (base 12) to base 5
3303132044
Convert 8e546 (base 15) to base 6.
13415133
What is -171058 (base 9) in base 2?
-11001110100011110
What is 110311301033 (base 4) in base 13?
119381c
1022121021 (base 3) to base 11
18555
Convert 31662516 (base 8) to base 3.
110202021010020
What is c47b2 (base 15) in base 11?
39596a
What is -101421121 (base 5) in base 12?
-183195
Convert -620023 (base 8) to base 11.
-12a97a
What is 10320133424 (base 5) in base 12?
3873207
What is 1247637 (base 8) in base 5?
42114223
-d8c4 (base 16) to base 10
-55492
What is -2770161 (base 9) in base 12?
-614b54
11562324 (base 7) to base 2
11111110000001100100
Convert -2037076 (base 8) to base 3.
-1000110001020
Convert 4927b9 (base 12) to base 8.
4415375
What is -20771 (base 16) in base 15?
-29602
What is -1020431 (base 11) in base 14?
-34c689
What is -121344 (base 5) in base 2?
-1000111110111
What is 604dab (base 15) in base 11?
2643704
Convert -7005222 (base 11) to base 6.
-1121535424
Convert 148088a (base 11) to base 4.
21222221013
What is 112102613 (base 7) in base 16?
68645f
What is -14337 (base 10) in base 9?
-21600
Convert -72a5a (base 14) to base 13.
-98a98
Convert 423aa (base 14) to base 12.
78642
Convert 30121 (base 10) to base 12.
15521
What is -102111122002101 (base 3) in base 13?
-1360c81
Convert -1b8b6 (base 16) to base 8.
-334266
What is -ab1ba9 (base 12) in base 6?
-134143533
Convert 3a326 (base 12) to base 6.
1414050
Convert -1202111300 (base 4) to base 13.
-111458
Convert -21994 (base 12) to base 14.
-12384
-61437 (base 10) to base 4
-32333331
Convert -1411434042 (base 5) to base 4.
-31310311100
-22121210011 (base 3) to base 5
-20412244
What is -3a9c8 (base 16) in base 6?
-5051240
132b3 (base 15) to base 14
18516
-10001000000110000110011 (base 2) to base 10
-4459571
-10b8d52 (base 14) to base 5
-4020223214
111201211001 (base 3) to base 5
32122300
Convert -200212212333 (base 4) to base 6.
-503104143
-2a8920 (base 11) to base 8
-1652017
Convert 6610383 (base 10) to base 4.
121031313033
Convert -10001111001001011101 (base 2) to base 9.
-1083261
-11a959 (base 11) to base 16
-2e6cb
Convert -3522ba0 (base 13) to base 3.
-1010212020010010
Convert -5b6e1 (base 15) to base 3.
-112211021211
What is -22203222 (base 4) in base 3?
-2012022120
-5743 (base 11) to base 6
-54541
What is 2200220112202 (base 3) in base 8?
5362676
What is 222212201002 (base 3) in base 8?
2011220
What is -49277b (base 12) in base 3?
-2020021120212
What is 1511105 (base 6) in base 13?
30842
What is -6b931b (base 13) in base 16?
-2718b9
What is 10ac0c (base 15) in base 9?
1442613
What is 101100010001110110 (base 2) in base 12?
88b5a
What is 3205 (base 6) in base 16?
2d5
What is 18988 (base 16) in base 8?
304610
Convert 9e9e7 (base 15) to base 14.
d211b
What is 69830 (base 11) in base 6?
2054442
1b59a9 (base 13) to base 6
22543553
21120222101220 (base 3) to base 8
17310024
101111101101100010001 (base 2) to base 9
2842531
-31636242 (base 7) to base 13
-736368
23068 (base 13) to base 4
33210313
402103503 (base 6) to base 14
c977c3
-5a77 (base 16) to base 4
-11221313
What is -1303203554 (base 6) in base 15?
-151a4a1
What is -1366206 (base 7) in base 5?
-21402023
-1c944a (base 15) to base 6
-45545124
155177 (base 9) to base 10
95650
Convert -100001001110001101 (base 2) to base 8.
-411615
What is e707 (base 16) in base 10?
59143
Convert 2001230232 (base 4) to base 11.
333151
Convert 19c61 (base 14) to base 8.
200015
-526337 (base 13) to base 16
-1d689a
Convert -21102323220 (base 4) to base 13.
-674223
Convert -226690 (base 10) to base 9.
-374857
87e34 (base 15) to base 2
1101001011011010000
-30635700 (base 8) to base 5
-3131101420
Convert -10012032 (base 4) to base 16.
-418e
What is -87487b (base 13) in base 2?
-1100001000011111100001
-23123102002 (base 4) to base 9
-5564734
-4273521 (base 8) to base 9
-2134151
16b217 (base 15) to base 13
2c701c
What is 2121005 (base 7) in base 4?
332303213
Convert 2295930 (base 10) to base 7.
25341450
What is -36762 (base 14) in base 11?
-91064
Convert -52487 (base 12) to base 9.
-173804
-5660 (base 12) to base 7
-36630
-643067 (base 8) to base 11
-137246
Convert -3801b (base 14) to base 11.
-94110
Convert -22000221210222 (base 3) to base 16.
-41290a
1215a11 (base 11) to base 8
10045125
-14bb066 (base 12) to base 5
-2040302434
291975 (base 11) to base 9
765021
Convert 3602052 (base 7) to base 4.
1232331300
What is 1110011111100001110 (base 2) in base 3?
220010102200
Convert -18b727 (base 13) to base 2.
-10011000101000001100
Convert -2637509 (base 12) to base 15.
-9de113
What is 17881783 (base 9) in base 7?
136514340
cecfd7 (base 16) to base 15
12cad4d
-10110011011000010 (base 2) to base 16
-166c2
Convert -b2a602 (base 14) to base 12.
-202480a
-74794 (base 12) to base 14
-3db7a
What is 3192c (base 13) in base 14?
24847
-2341200043 (base 5) to base 15
-71da9d
-25131477 (base 8) to base 7
-65116262
3231110413 (base 5) to base 3
110222021110020
Convert 9477 (base 12) to base 4.
3331123
-c231 (base 14) to base 16
-8253
Convert -128810a (base 12) to base 9.
-6803351
What is -1011100001001111 (base 2) in base 6?
-1002235
What is 7d751b (base 15) in base 12?
2013452
What is -1101100221200 (base 3) in base 13?
-1c9a2b
76291 (base 12) to base 11
a7163
What is -13420455 (base 6) in base 4?
-1232302103
62902 (base 11) to base 15
1c219
Convert 2c0b9 (base 14) to base 15.
22883
What is 59b3b (base 12) in base 8?
354037
118a5 (base 14) to base 10
42873
What is -500562 (base 7) in base 4?
-110211210
Convert -1531136 (base 7) to base 6.
-4253002
Convert 92f35 (base 16) to base 13.
180c79
What is -4422014 (base 7) in base 8?
-2045133
What is 8b1874 (base 13) in base 14?
618447
Convert -17814 (base 14) to base 10.
-59210
-148148 (base 9) to base 10
-91250
Convert -15052135 (base 6) to base 13.
-152a05
-8ba7b1 (base 16) to base 12
-3094669
What is -1010022 (base 3) in base 13?
-4ac
Convert -9076a1 (base 13) to base 7.
-40354362
Convert 41311010 (base 5) to base 9.
564888
Convert -101220110100111 (base 3) to base 15.
-797421
What is b554d6 (base 16) in base 6?
1102413142
Convert 311023032 (base 4) to base 12.
a6066
Convert 1805978 (base 14) to base 8.
55144046
What is -2021001012121 (base 3) in base 2?
-100100101010110000111
What is 11036342 (base 7) in base 2?
11101000000101100110
Convert 13155223 (base 6) to base 12.
18bb13
What is -3020166 (base 7) in base 4?
-1113113112
Convert 100151 (base 6) to base 11.
5990
Convert 185750 (base 9) to base 14.
302b0
-639178 (base 12) to base 10
-1570988
Convert 2c99e (base 16) to base 13.
651ca
Convert -11101011010101011 (base 2) to base 14.
-31ca7
Convert -431115 (base 7) to base 11.
-51252
1c8e3 (base 16) to base 10
116963
Convert -362872 (base 9) to base 15.
-44bde
Convert -50551a (base 13) to base 15.
-26d898
-18195 (base 12) to base 9
-52675
What is db8644 (base 15) in base 16?
9f904c
129153c (base 13) to base 5
2443021122
What is 41244432 (base 5) in base 12?
143384
Convert -220100443 (base 5) to base 6.
-32055152
26012141 (base 8) to base 9
11767201
-56a4dd (base 14) to base 7
-34025566
-200310203 (base 7) to base 4
-230023300331
Convert -22221243 (base 5) to base 6.
-4103410
Convert d8abb (base 14) to base 9